omposite?
True
Is 13537 a prime number?
True
Is 23497 composite?
False
Is 12247 a composite number?
True
Is 66441 a prime number?
False
Is 10389 a prime number?
False
Is 372763 a prime number?
True
Is 20369 a prime number?
True
Is 99551 a prime number?
True
Is 4663 composite?
False
Is 8935 prime?
False
Is 89515 a prime number?
False
Is 7721 a prime number?
False
Is 1105133 prime?
False
Is 3365 prime?
False
Is 263561 a composite number?
False
Is 1055 a composite number?
True
Is 60353 prime?
True
Is 7993 composite?
False
Is 4333 a prime number?
False
Is 15013 a prime number?
True
Is 133769 a composite number?
False
Is 85427 composite?
False
Is 550937 a prime number?
True
Is 114157 composite?
False
Is 255091 composite?
True
Is 84913 composite?
False
Is 424079 a prime number?
True
Is 338098 composite?
True
Is 808261 a composite number?
False
Is 470993 a composite number?
False
Is 19883 a composite number?
True
Is 3589247 a prime number?
True
Is 17467 composite?
False
Is 1909 a prime number?
False
Is 57853 a prime number?
True
Is 23461 prime?
False
Is 1458863 a prime number?
False
Is 47413 composite?
True
Is 429161 prime?
True
Is 235601 prime?
True
Is 3047 a composite number?
True
Is 7279 prime?
False
Is 28807 a composite number?
False
Is 2831 a composite number?
True
Is 9199 composite?
False
Is 4068487 composite?
False
Is 1759453 a composite number?
False
Is 2051887 a composite number?
False
Is 51 a prime number?
False
Is 1441807 a prime number?
True
Is 215121 composite?
True
Is 2414209 composite?
True
Is 48161 composite?
True
Is 224197 prime?
True
Is 1397 composite?
True
Is 21583 composite?
True
Is 15479 a prime number?
False
Is 6826 a composite number?
True
Is 47237 a prime number?
True
Is 246643 a prime number?
True
Is 6803 prime?
True
Is 11861 a prime number?
False
Is 28277 prime?
True
Is 254 composite?
True
Is 472883 a composite number?
False
Is 469631 a prime number?
True
Is 16769 a composite number?
True
Is 107511 a composite number?
True
Is 3355169 prime?
False
Is 515 a composite number?
True
Is 8263 composite?
False
Is 1295159 composite?
False
Is 967766 prime?
False
Is 118857 composite?
True
Is 307 prime?
True
Is 43853 a prime number?
True
Is 674647 composite?
False
Is 229897 prime?
True
Is 2229 composite?
True
Is 4105 prime?
False
Is 144674 a prime number?
False
Is 90787 composite?
False
Is 17399 a prime number?
False
Is 4201 a composite number?
False
Is 527495 prime?
False
Is 3942245 a composite number?
True
Is 424921 a composite number?
True
Is 220907 a prime number?
True
Is 6127 composite?
True
Is 619853 a composite number?
True
Is 1771549 composite?
True
Is 4037 a prime number?
False
Is 223111 composite?
True
Is 23089 a composite number?
True
Is 354677 a composite number?
False
Is 6469 a prime number?
True
Is 331 composite?
False
Is 2162929 prime?
True
Is 54037 prime?
True
Is 291 a composite number?
True
Is 1310191 composite?
True
Is 477039 composite?
True
Is 135463 composite?
False
Is 13861 composite?
True
Is 88427 prime?
True
Is 141979 a composite number?
True
Is 11027 prime?
True
Is 16045 prime?
False
Is 87383 prime?
True
Is 1508489 prime?
True
Is 16087 composite?
False
Is 39419 a composite number?
False
Is 787 a composite number?
False
Is 12335 a prime number?
False
Is 3538129 a prime number?
False
Is 612587 a prime number?
False
Is 7919 composite?
False
Is 141793 a composite number?
False
Is 292829 composite?
True
Is 34211 a prime number?
True
Is 10211 a prime number?
True
Is 29383 a prime number?
True
Is 5317 a composite number?
True
Is 400903 composite?
False
Is 61406 a composite number?
True
Is 116785 composite?
True
Is 235483 a composite number?
False
Is 2467 a composite number?
False
Is 1227085 prime?
False
Is 58657 a composite number?
False
Is 655397 composite?
True
Is 3821 composite?
False
Is 90759 composite?
True
Is 783257 prime?
True
Is 212959 a prime number?
False
Is 344809 prime?
False
Is 939053 a composite number?
True
Is 6937431 prime?
False
Is 206767 a prime number?
False
Is 489327 a prime number?
False
Is 196933 a composite number?
True
Is 44663 a composite number?
True
Is 6731 composite?
True
Is 192251 a composite number?
False
Is 20665 composite?
True
Is 88379 a composite number?
False
Is 9967 a prime number?
True
Is 145019 a prime number?
False
Is 3163 prime?
True
Is 413799 a prime number?
False
Is 15967 prime?
False
Is 196247 composite?
False
Is 21635 a composite number?
True
Is 103315 composite?
True
Is 481 composite?
True
Is 1151387 a prime number?
False
Is 4861 a prime number?
True
Is 112963 a prime number?
False
Is 523147 a prime number?
False
Is 43667 a prime number?
False
Is 13957 a prime number?
False
Is 1596723 composite?
True
Is 16103 composite?
False
Is 400091 a composite number?
True
Is 1801 prime?
True
Is 100199 prime?
False
Is 2831 prime?
False
Is 3842483 composite?
False
Is 12637 a prime number?
True
Is 211103 a composite number?
True
Is 561341 a prime number?
False
Is 355373 a composite number?
True
Is 29431 a prime number?
False
Is 3299 prime?
True
Is 94469 a prime number?
False
Is 1276919 a composite number?
True
Is 7531 a composite number?
True
Is 921 prime?
False
Is 1646509 a composite number?
False
Is 22115 a prime number?
False
Is 437677 prime?
True
Is 61262 composite?
True
Is 588893 a composite number?
False
Is 4661 prime?
False
Is 587341 a composite number?
False
Is 72403 prime?
False
Is 291889 prime?
False
Is 393823 a composite number?
True
Is 4775263 a prime number?
False
Is 5569 a composite number?
False
Is 33958 composite?
True
Is 373 composite?
False
Is 76421 a prime number?
True
Is 6371 a composite number?
True
Is 939 a composite number?
True
Is 583157 a prime number?
False
Is 39505 composite?
True
Is 15419 composite?
True
Is 349381 a prime number?
True
Is 274213 prime?
True
Is 381 composite?
True
Is 61514 a composite number?
True
Is 5411 a composite number?
True
Is 526507 a composite number?
True
Is 1543 a prime number?
True
Is 994501 composite?
False
Is 28774 composite?
True
Is 75853 a prime number?
True
Is 315371 composite?
True
Is 16673 composite?
False
Is 19571 prime?
True
Is 562117 composite?
True
Is 590111 a composite number?
True
Is 132239 a prime number?
False
Is 510889 a composite number?
False
Is 102181 prime?
True
Is 61385 composite?
True
Is 66707 composite?
True
Is 34421 prime?
True
Is 4241 composite?
False
Is 209873 a prime number?
False
Is 230189 a prime number?
True
Is 651113 a prime number?
False
Is 29039 composite?
True
Is 11201 a composite number?
True
Is 10499 a composite number?
False
Is 13745 a composite number?
True
Is 90893 a prime number?
False
Is 17011 composite?
False
Is 361529 composite?
True
Is 189901 a composite number?
False
Is 455299 prime?
False
Is 85549 composite?
False
Is 34607 a prime number?
True
Is 19523 a composite number?
True
Is 272651 composite?
False
Is 1858 a prime number?
False
Is 237238 prime?
False
Is 4861 a composite number?
False
Is 764849 a composite number?
False
Is 607493 a composite number?
False
Is 256523 composite?
True
Is 6458 a composite number?
True
Is 14009 a prime number?
True
Is 972373 composite?
False
Is 42937 a prime number?
True
Is 4009 a prime number?
False
Is 882955 a composite number?
True
Is 78101 prime?
True
Is 145043 composite?
False
Is 4861 prime?
True
Is 13367 a prime number?
True
Is 91283 a composite number?
False
Is 606173 a prime number?
True
Is 28001 a composite number?
False
Is 1334901 a composite number?
True
Is 473747 prime?
False
Is 3299927 a prime number?
True
Is 156109 a composite number?
False
Is 13223 a composite number?
True
Is 25339 a prime number?
True
Is 54251 a composite number?
False
Is 148019 composite?
True
Is 212633 a prime number?
True
Is 7799 composite?
True
Is 33559 a composite number?
True
Is 1181 prime?
True
Is 114143 prime?
True
Is 15547 composite?
True
Is 318371 a composite number?
True
Is 8651 a composite number?
True
Is 52501 prime?
True
Is 187241 prime?
False
Is 112433 a composite number?
True
Is 483583 a composite number?
True
Is 72679 prime?
True
Is 138389 prime?
True
Is 14447 composite?
False
Is 30577 a prime number?
True
Is 1721539 a prime number?
False
Is 286859 prime?
True
Is 733 prime?
True
Is 97023 composite?
True
Is 111379 a composite number?
True
Is 9719 a prime num